14*c**3 + 9*c - 8*c + 6*c**2. What is z(-1)?
13
Let w be (-2 - -1)/(2/(-10)). Let g(k) be the third derivative of 5/6*k**3 - 1/12*k**4 + 0 + 0*k - 2*k**2. What is g(w)?
-5
Let v(h) = 2 - 1 + 3 - 2 - 2*h**2. Calculate v(2).
-6
Suppose -n = 4*n - 25. Suppose 0 = k - 4*k - 24. Let r(i) = 11*i - 11. Let m(v) = 4*v - 4. Let d(f) = k*m(f) + 3*r(f). Give d(n).
4
Let i(c) be the second derivative of c**4/4 + c**3/6 - c**2/2 + 2*c. Let k(f) be the first derivative of i(f). Calculate k(-2).
-11
Let g be 3 + -1 - 1/(-1). Let x(f) = -4 + 4*f - 4*f**2 - 2*f**3 + f**g + 4. Give x(-5).
5
Let x(y) = 2*y**2 + 14*y - 6. Let h be x(-7). Let z(m) = 7*m - 4. Let k(g) = -13*g + 7. Let r(n) = -6*k(n) - 11*z(n). Give r(h).
-4
Let d(o) = 2 + 0 - 11*o + 4*o. Determine d(-2).
16
Suppose 2*l = -5*g - 20, 4*g + g - 3*l - 5 = 0. Let s(k) = -k**3 + k + 1. Let i(j) = -j**3 - 6*j**2 + 8*j + 1. Let h(o) = g*s(o) + i(o). What is h(4)?
-9
Suppose -7*i - 3*m + 40 = -2*i, -5 = 2*i - 3*m. Let k(c) be the second derivative of -c**3/6 + 2*c**2 + 26*c. Determine k(i).
-1
Let m(g) be the first derivative of g**7/840 - g**6/72 + g**5/40 - g**4/8 - 2*g**3/3 - 2. Let n(d) be the third derivative of m(d). Calculate n(5).
12
Let z(u) be the first derivative of 7*u**2/2 - 3*u + 1. Let f(q) = q - 4. Let j be f(7). Suppose -3*o + 2*m + 3 + 9 = 0, 1 = 5*o + j*m. Give z(o).
11
Let d(b) be the first derivative of -b**4/4 + b**3/3 + b**2/2 - 6*b - 12. What is d(0)?
-6
Let v(i) = -i + 7. Let w be 2/((-2)/(-11) - 128/220). Calculate v(w).
12
Suppose 3*j = 2*x - 12, x = -x + j + 12. Let k(r) = -r**2 + 6*r - 1. Determine k(x).
-1
Suppose l - 6*l = -10. Suppose -3*a + 3 = 0, 5*n - 4*a - 16 + 0 = 0. Let j(b) = 3 + n*b**2 - 2 - 6*b**l. What is j(1)?
-1
Let m be 5/(-2)*(-2 + 0). Let r = 6 - m. Let l(g) = g - 1. Let u(q) = -12*q + 6. Let v(p) = -6*l(p) - u(p). Give v(r).
6
Let p(h) = -2*h + 1. Let s be p(1). Let q(l) = 13*l**3 + 2*l**2 - 1. What is q(s)?
-12
Suppose 18 = -m - 5*s, 3*s - 3 = 5*m - s. Let x(c) = -c**2 - c + 3. What is x(m)?
-3
Let k(v) = -v - 9. Let j = 161 - 161. What is k(j)?
-9
Let d(n) = n**3 - n**2 + n + 4. Let f be d(3). Suppose -h = -z + 7, -3*h + 6*z = 2*z + f. Let p(m) = -1 + m**2 + 3*m**2 + 2*m - m + m**3. What is p(h)?
5
Suppose -15 = 5*x, 2*x - 15 = -5*i + 14. Let h(f) = -3*f**3 + 4*f**3 - 4 + i*f - 1 - 6*f**2. Let t(m) = -3*m - 13. Let a be t(-6). Calculate h(a).
5
Let w be (-2)/5 + (-64)/(-10). Let l be ((-3)/w)/((-3)/6). Let o(c) = c**2 - c. Determine o(l).
0
Let a(o) = 4*o + 12 - 3*o - 8 + 5*o. Determine a(4).
28
Let t(i) = -i**2 + 3*i + 3. Let f = 7 + -2. Calculate t(f).
-7
Let n(r) be the third derivative of r**4/24 + 2*r**3/3 - 3*r**2. Suppose -f - 9 = 2*t, -t = -3*t - 3*f - 11. Determine n(t).
0
Suppose -4*a - a + k = 11, 2*k + 4 = -3*a. Let r(g) = -1 + g**2 - g + 5*g**2 + 0*g**2 - 5*g**2. Calculate r(a).
5
Let a = 0 - -5. Let b(i) = 0*i + i**3 - i + a*i - 5*i**2 - i + 1. Give b(4).
-3
Let x(t) = -2*t + 5. Let z be x(6). Let f = z + 1. Let b(c) = c + 3. Give b(f).
-3
Let x(r) = -1. Let s = 1 - 2. Let o(n) be the second derivative of n**3/3 + n**2/2 - n. Let w(y) = s*o(y) - 5*x(y). Calculate w(5).
-6
Let o be (-8 - -4)*1/(-2). Let p be (-5)/o + (-1)/(-2). Let k(m) = 4*m - 1. Calculate k(p).
-9
Let v(n) = 3*n**2 - n. Let j = 18 - 19. Determine v(j).
4
Let s(w) = -w**2 - 3*w + 6. Let p(d) = d**2 + d - 5. Let y be p(0). What is s(y)?
-4
Suppose 2*d + 7 = 3*d. Let h = 13 - d. Let q(c) = -c**3 + 5*c**2 + 5*c + 7. What is q(h)?
1
Let l(c) = 6*c - 6. Let n(p) = 11*p - 11. Let s(x) = 5*l(x) - 3*n(x). Determine s(3).
-6
Let q(d) = -2*d**2 - d. Suppose -1 = u - 0*u, -2*y + u = -5. Suppose 6 = v + y*v + r, 4*v + 4*r = 0. Suppose -4*o + 1 = -5*l - v, -o + 3*l + 1 = 0. Give q(o).
-3
Let t(i) = -9*i**2 - 3*i - 11. Let w(x) = -5*x**2 - x - 6. Let p(j) = -3*t(j) + 5*w(j). Let d be 6/(-4) + 1/(-2). What is p(d)?
3
Let r be 4/14 + (-12)/(-7). Let p(c) = 3*c + 7 + 0*c + 2 - r*c. Give p(-8).
1
Let r(a) be the second derivative of a**5/20 + 5*a**4/12 - 4*a**3/3 - 7*a**2/2 + 22*a. Give r(-6).
5
Let b(t) = 2*t + 6. Let p(s) = 4*s - 14. Let r be p(6). Let k be 3*(0 + 14/(-3)). Let j = k + r. Determine b(j).
-2
Let f(l) be the first derivative of l**4/4 - 4*l**3/3 - l**2/2 + 4*l + 1. Let w = 128 + -125. What is f(w)?
-8
Suppose 0 = -j + 13 - 2. Suppose j = 5*q - 9. Let m(y) = -y + 7. What is m(q)?
3
Let z(b) be the first derivative of -b**6/360 - b**4/24 - b**3/3 + 6. Let h(n) be the third derivative of z(n). Determine h(2).
-5
Let o(r) be the second derivative of r + 1/20*r**5 + 0 + 5/12*r**4 + 3*r**2 + r**3. Determine o(-4).
-2
Let z(p) = 6*p**2 + 2*p. Let u(s) = -s**2 - s - 1. Let q(t) = -2*u(t) - z(t). Give q(-2).
-14
Let d(n) = 2*n - 22. Let g be d(9). Let s(w) = -w**3 - 5*w**2 - 4*w. Give s(g).
0
Let x(y) = y + 2. Let b be 26/4 - 5/(-10). Suppose 4*l + 36 = 4*s, 0 = 2*l + 2*s - b*s + 30. What is x(l)?
-3
Let x be (-322)/(-98) - 4/14. Let s(y) be the first derivative of y**4/4 - 5*y**3/3 + 5*y**2/2 - 2*y + 2. What is s(x)?
-5
Suppose 0 = 2*n + 3*k + 8, -4*n = -3*k - 19 - 1. Let j(r) = -5*r**n + 2*r**2 + 3*r**2 - 4 - r**2 + 6*r. Determine j(4).
4
Let m(d) be the first derivative of -3*d**2/2 + 4. Let j(f) be the second derivative of f**3/6 + 2*f. Let n(a) = 21*j(a) + 6*m(a). Calculate n(-2).
-6
Let m(a) be the first derivative of -3*a**2 + 6. Let c(y) = y + 4. Let o be c(-3). Calculate m(o).
-6
Let z(b) = -b**2 - 6*b. Suppose 4*w - 22 = s, 5*s + 28 = 5*w + 8. Let g = -11 + w. Calculate z(g).
5
Suppose 0 = 3*i + 6, 5*i + 20 = -0*k + 2*k. Let r(w) = -w**2 + 5*w - 6. What is r(k)?
-6
Let u(o) be the first derivative of -2*o + 1/3*o**3 + 0*o**2 + 2. Determine u(-3).
7
Let i(p) = p**2 + 2*p + 1. Suppose -2*j + 2 = 4. Calculate i(j).
0
Let s(n) = -2*n + 1. Let x(z) = z. Let g(q) = 3*s(q) + 7*x(q). Suppose -6*w - 24 = -0*w. Give g(w).
-1
Suppose 3*q + 2*q - 25 = 0. Let y(b) = -16 + 2*b + 10 + 0*b. Give y(q).
4
Let o(p) = p**3 - 4*p**2 + 4. Suppose -6*z + 3*z = -12. Calculate o(z).
4
Let o(d) = 7*d + 2*d**2 + 13 - d - 3*d**2 + 4*d. Give o(11).
2
Let r(z) = 4*z + 6. Suppose 3*l + 4*y = -11 - 0, -5*y + 5 = 0. Give r(l).
-14
Let r = 27 + 5. Let c be r/18 - 2/(-9). Let g(a) = -a - c*a**2 - 4*a**3 + 4 - 3*a**2 + 5*a**3. Determine g(5).
-1
Let q(v) = v + 6. Let t be q(-5). Let j(d) be the third derivative of -d**6/60 + d**5/60 + d**4/24 - d**3/6 + 6*d**2. Determine j(t).
-1
Let c(h) be the second derivative of -h**5/20 + 5*h**4/12 - 2*h**3/3 + h**2 - 7*h. Calculate c(5).
-18
Suppose -5*v + v = -40. Let m = -6 + v. Suppose -m*y - a + 9 = 0, -6*a + 16 = -4*y - 2*a. Let h(z) = 2*z**2 + 1. Determine h(y).
3
Let i be 24/4*2/3. Suppose 11 = -i*s + 35. Let r(j) = -3*j + 9. Calculate r(s).
-9
Let t(c) = 0*c**2 + 0*c - 2*c**2 + c. Let a be (0 - -1)/(2/8). Suppose 0 = 3*q + r + 5 - 0, q + a*r = -9. What is t(q)?
-3
Let s be ((-3)/2)/((-2)/4). Let u(f) = 7*f - 23*f**2 + 2 + 22*f**2 - 6. Give u(s).
8
Let n(p) be the third derivative of -p**7/840 + p**5/120 + p**4/8 + p**3/2 + 2*p**2. Let r(u) be the first derivative of n(u). Determine r(0).
3
Let z(k) = -k**3 + 2*k**2 + k + 4. Let m be z(3). Let l(c) = 0*c - 1 - 4*c + 2*c - 1. Calculate l(m).
2
Let z be 7 - (-3)/(3/1). Let q = 5 - z. Let u(x) be the third derivative of x**4/24 + x**3/6 - 6*x**2. Determine u(q).
-2
Let x(s) be the second derivative of s**6/360 + s**5/120 - 3*s**4/8 - s**3/2 - 2*s. Let a(w) be the second derivative of x(w). What is a(0)?
-9
Let r(w) = 4*w + 2*w - 6*w - w. Determine r(2).
-2
Let h(k) = -2*k - 2. Let b(w) = w + 1. Let c = 18 + -12. Let m(a) = c*h(a) + 13*b(a). Suppose 5 - 12 = 2*p + o, -5*p = -3*o - 10. What is m(p)?
0
Suppose 2*u - 6*o = -o - 9, -5*u + 3*o + 25 = 0. Let s(w) = -w**2 + 7*w + 8. Determine s(u).
0
Let k(g) = g**3 - 3*g - 17*g**2 + 14*g**2 + 0 + 4. Let v be 6/4*(-40)/(-15). What is k(v)?
8
Let m(b) = b**3 + 2*b**2 - b - 1. Let r(g) = 0 - 3 - g**3 - 4*g + 4*g**2 + 9*g. Let x be r(5). Calculate m(x).
-7
Let h be ((-21)/6)/(4/8). Let c(g) = 3*g**2 - 2*g. Let k(p) = 10*p**2 - 5*p - 1. Let q(l) = h*c(l) + 2*k(l). Determine q(3).
1
Let u(m) = -m**3 + 3*m**2 + 3*m - 2. Suppose 2*t + 5 = 2*o - 9, -2*t = o + 8. Suppose -12 = -o*d - d. Calculate u(d).
-6
Let z(d) = 37*d - 76*d + 34*d + d**2. Determine z(5).
0
Let f(j) be the third